- 16354. What is the tens digit of v?
6
Let t(h) = -25*h**3 - h**2 + h - 1. Let g be t(1). Suppose 4*d - 72 - 36 = 0. Let n = d + g. What is the units digit of n?
1
Let v = -9 + 17. Suppose j - k - 4 = 2, 4*k = 2*j - v. What is the tens digit of (j/6)/(4/54)?
1
Let a be (-6)/4 + (-13)/(-2). Suppose -a*q + 300 = 3*k, -2*q - 5*k = q - 180. What is the units digit of q?
0
Suppose 6642 = 13*g - 2445. What is the hundreds digit of g?
6
Let a = -8 - -9. Suppose 3 + a = 2*o. Suppose -6*f + 6 = -3*f, -4*f = -o*r + 56. What is the units digit of r?
2
Let n(j) = -2*j**2 - 12*j - 1. Let s(d) = 2*d**2 + 13*d + 1. Let b(p) = -5*n(p) - 4*s(p). What is the tens digit of b(-7)?
4
Suppose 16*q = -11*q + 34776. What is the units digit of q?
8
Let g = -3462 - -6078. What is the tens digit of g?
1
Suppose 581 = 3*x - 658. What is the units digit of x?
3
Let m = 112 - 104. What is the tens digit of ((m - 1) + -13)*(-46)/3?
9
Suppose -3*a = -9, 0*r - 74 = -r + a. Let q = -35 + r. What is the units digit of q?
2
Let c(s) = -s**3 - 7*s**2 - 3*s - 7. Let m(g) = -g**2 + 5*g - 7. Let i be m(5). Let b be c(i). Suppose -10 = -3*v + b. What is the units digit of v?
8
What is the tens digit of 20952/26 - (74/26 + -3)?
0
What is the hundreds digit of (-172710)/(-35) - ((-108)/(-21))/9?
9
Let n be (-3)/(-3) - 3*-5. Let p = n + -11. Suppose -6*v = -p*v - 15. What is the units digit of v?
5
Suppose 0 = 33*m - 12609 - 13593. What is the units digit of m?
4
Let w = 2254 - 529. What is the units digit of w?
5
Let p(j) = j**3 - 18*j**2 - 39*j - 92. What is the units digit of p(21)?
2
Let a(w) be the third derivative of 7*w**4/24 - 11*w**3/6 + 17*w**2. Let v be ((-9)/(-4))/(6/16). What is the tens digit of a(v)?
3
Let b(d) = -15*d**2 - 12*d + 7. Let v(l) = -3*l**2 + 1 + 6*l + 0*l**2 + 10*l**2 - 4. Let f(p) = 6*b(p) + 13*v(p). What is the units digit of f(-6)?
3
Let n(u) = u**3 + 10*u - 245. What is the hundreds digit of n(13)?
0
Suppose 3*c = -3*k + 1116, -k = 2*c + 2*c - 387. What is the tens digit of k?
6
Let n = -311 + 1748. What is the thousands digit of n?
1
Let l be 2/3 + (-10)/6. Let p = l + -26. Let t = 43 + p. What is the units digit of t?
6
Let f(z) be the third derivative of -2/3*z**3 + 0 + 0*z - 2*z**2 + 5/12*z**4. What is the tens digit of f(3)?
2
Let g = 11 + 137. What is the tens digit of g?
4
What is the units digit of ((-140)/(-4))/(-7) + 691?
6
Let c(t) = 251*t - 610. What is the hundreds digit of c(11)?
1
Let g(k) = 66*k**2 - 12*k - 5. What is the thousands digit of g(-6)?
2
Let w be (-30)/(-21)*(-2 + 9). Suppose -5*h + w = -3*h. Suppose -3*d + 2*s = -2*s - 22, -29 = -h*d - s. What is the units digit of d?
6
Let c(o) = -o - 1. Let f be c(-4). Suppose -47 = -f*r - 14. Suppose 21 + r = 4*v. What is the units digit of v?
8
Let l(r) = 5*r**2 - 4*r + 1. Let w be l(3). Let x be w/(-153) + 47/9. Suppose -b = x*d + b - 27, -d = 5*b - 10. What is the units digit of d?
5
Let m = -289 + 2094. What is the units digit of m?
5
Suppose -2*u + 3*u = 3*p - 180, 0 = -4*p - 2*u + 240. Suppose -247 = -b - p. What is the hundreds digit of b?
1
Let k be (-10 - -16)*3/2. What is the tens digit of 501/12 - k/12?
4
Suppose 0 = 10*n - 7*n - 6. Suppose -n*m = 4*p, -3*p = 2*m - 2 - 1. What is the units digit of m?
6
Let v(u) = 1313*u + 461. What is the hundreds digit of v(4)?
7
Let c be (-7)/2*32/(-28). Suppose -5*j + 4*x = -0*x - 669, c*x = -j + 129. What is the hundreds digit of j?
1
Let p = 23 + -3. Suppose 10 - p = -2*y. Suppose 5*r - 20 = 0, -h = 4*h + y*r - 60. What is the units digit of h?
8
Let d = 6 + -12. Let k = d + 10. Suppose -5*a + 114 = 4*p, -k*a + 105 - 19 = 3*p. What is the tens digit of p?
2
Let t(j) = j**2 - 4*j - 10. Let p be t(7). Let g = p + -8. Suppose 0 = 4*c - 5*q - 50 - 37, 3*q - 72 = -g*c. What is the tens digit of c?
2
Suppose 22 - 925 = -3*a. What is the tens digit of a?
0
Suppose -4*g + 5*g = 5*t + 19, g - 5 = -2*t. Suppose j + g = -37. Let x = j - -86. What is the tens digit of x?
4
Suppose -5*j + 62 = -y, -10 = -j + 2*y + 6. Suppose -j*q = -16*q + 848. Suppose 5*v = q - 27. What is the units digit of v?
7
Let v be 0 + 0 + 2 + 2. Let a be 1 - (370 - 1) - (0 + 1). What is the tens digit of v/6*a/(-6)?
4
Let p(o) = 4*o**2 + o + 9. Let r(m) be the second derivative of m**4/12 + m**3/6 + m**2/2 + m. Let w(y) = p(y) - 5*r(y). What is the units digit of w(-4)?
4
Suppose -3*w - 325 = 32. Let b = 206 + w. What is the units digit of b?
7
Suppose -46*f + 33004 = -9*f. What is the units digit of f?
2
Suppose 6 = 2*k + k. Suppose -5*i + 2 = k*o + 4, -5*i + 3*o + 3 = 0. Suppose v = -i*v + 9. What is the units digit of v?
9
Suppose 2*a - 760 = -3*a. Let r be (a/(-12))/(-1)*-3. Let x = r - -59. What is the tens digit of x?
2
Let a = -2843 + 6527. What is the tens digit of a?
8
Suppose -34*g + 35*g + 2*u - 324 = 0, 3*g = 3*u + 999. What is the tens digit of g?
3
Suppose 2*z - 41 = 5*j, 0 = z + 2*z + 3*j - 51. Let u be z/(-4)*(-208)/12. Suppose -u = -2*y - y. What is the tens digit of y?
2
Suppose -5*w + 1957 = 14*w. What is the hundreds digit of w?
1
Suppose 2*s + 2*t = 6522 - 2430, 2 = -t. What is the hundreds digit of s?
0
Let o be (6/(-15))/(2/(-20)). Let d be (o - -14)*(-2)/(-3). Suppose u = d + 6. What is the units digit of u?
8
Suppose -a + 4712 = -3*x, -3*a - 3*x = 2*x - 14108. What is the units digit of a?
6
Suppose 2*w - 3*w - 1095 = -3*z, 3*z - 1095 = 5*w. What is the units digit of z?
5
Suppose -5*d = 3*n - 3123, 2*d - 654 - 612 = 3*n. What is the hundreds digit of d?
6
Let g be (-77)/(-21) - 4/6. Suppose 0 = 5*c + r - 0*r - 87, 53 = g*c + r. Suppose -5*t + 31 = y - 0*y, -4*t = -3*y + c. What is the units digit of y?
1
What is the tens digit of (-157)/((2/(-24))/(33/44))?
1
Let f = 67 + -42. Suppose 2*j - 3*o = -o + 282, 5*o = f. What is the hundreds digit of j?
1
Let d = -53 - -34. Let s = 22 + d. Suppose 4*u = 4*b + 4, 0 = -3*b + b - s*u + 13. What is the units digit of b?
2
Let k = -5 - -9. Suppose -2*r = 6 - k. What is the tens digit of (117/3)/3 - r?
1
Let q be (-42)/9 - 4/(-6). Let f(a) = 2*a**2 + 4*a + 5. Let j be f(q). Let i = 35 - j. What is the tens digit of i?
1
Suppose 0*n - 5*q = -3*n + 221, 2*n - 5*q - 149 = 0. Suppose -3*l = -2*l - n. What is the units digit of l?
2
Suppose 31 + 44 = -5*k. Let v(b) = -7*b - 12. Let g be v(k). Let p = g - 52. What is the tens digit of p?
4
Let m(u) = 4*u**2 + 37*u - 132. What is the thousands digit of m(22)?
2
Let f = 328 + -282. Let j(t) = -t**2 - 6*t - 1. Let q be j(-5). Suppose 0 = -q*d + 46 + f. What is the tens digit of d?
2
Let w be -30 + -2*1 + -2. Let c be (-3 - 0)*(-3)/(-9). Let p = c - w. What is the units digit of p?
3
Let x = 8 + -14. Let h be (-4 - -5)/((-2)/x). What is the tens digit of 11 + (-3 + h - -2)?
1
Let u be (-6 + 6)*2/(-6). Suppose 4*t = q + 8, -t + 3 = -u. Let p(o) = o**3 - 2*o**2 - 5*o - 1. What is the units digit of p(q)?
1
Let m = 1701 - 903. What is the units digit of m?
8
Let q(l) be the third derivative of -l**6/120 + l**5/60 - l**4/3 - 13*l**3/6 - 7*l**2 + 1. What is the units digit of q(-5)?
7
What is the tens digit of (-1)/(2079/5335 - (-8)/(-20))?
9
Let b(n) = 4*n**2 - 143*n + 26. What is the tens digit of b(43)?
7
Let f be (1 + 0)/((-4)/(-8)). Suppose f*y + 3*y = 120. Suppose -3*r - r = -y. What is the units digit of r?
6
Let j(b) = b**2 + 5*b - 15. Let o be j(-7). What is the tens digit of 3 + (o - (-4 + -168)) + -3?
7
Let k = 480 - 51. What is the units digit of k?
9
Let v = -432 + 5061. What is the thousands digit of v?
4
Suppose 0 = 4*l - 0*g + 3*g + 3, 5*l - 5 = -2*g. What is the units digit of -3 + l - (-61 - 1)?
2
Suppose -10*s = -31017 - 8263. What is the units digit of s?
8
Let z = -47 + 45. What is the tens digit of ((z - -4) + 197)/(-2 - -3)?
9
Let w = 60 + -47. Suppose w + 30 = i. What is the units digit of i?
3
Let p(k) = -92*k - 6. Suppose 0 = -5*u - 3*f + 1, 0 = -0*u + 2*u + 4*f - 6. What is the tens digit of p(u)?
8
Suppose 173*d - 178*d + 16695 = 0. What is the hundreds digit of d?
3
Let w(k) = 94*k + 14. What is the hundreds digit of w(5)?
4
Suppose 1490 = 3*r - 5*w, 3*w = -3*r + w + 1462. Suppose -7*j + r = -2*j. What is the tens digit of j?
9
Let l(o) = o**2 + 4*o - 52. What is the hundreds digit of l(-24)?
4
Let f be (-1 - (-2 + 3)) + 2. Suppose 4*h - 37 = -